is divided by 8.
4
What is the remainder when 4851382 is divided by 152?
150
Calculate the remainder when 15556 is divided by 40.
36
Calculate the remainder when 6812 is divided by 13.
0
Calculate the remainder when 11269 is divided by 466.
85
What is the remainder when 473139 is divided by 41?
40
Calculate the remainder when 31048 is divided by 970.
8
Calculate the remainder when 1511129 is divided by 377778.
17
What is the remainder when 3070 is divided by 1388?
294
Calculate the remainder when 1260 is divided by 83.
15
Calculate the remainder when 624664 is divided by 749.
747
What is the remainder when 4999 is divided by 1277?
1168
What is the remainder when 11063 is divided by 754?
507
Calculate the remainder when 93521 is divided by 429.
428
Calculate the remainder when 271159 is divided by 66.
31
Calculate the remainder when 64719 is divided by 69.
66
What is the remainder when 324733 is divided by 162366?
1
What is the remainder when 39969 is divided by 22?
17
Calculate the remainder when 1132 is divided by 279.
16
Calculate the remainder when 4052 is divided by 1187.
491
Calculate the remainder when 28763 is divided by 74.
51
Calculate the remainder when 2528913 is divided by 346.
345
What is the remainder when 2119709 is divided by 30?
29
Calculate the remainder when 13189 is divided by 357.
337
What is the remainder when 259468 is divided by 1563?
10
What is the remainder when 796 is divided by 11?
4
What is the remainder when 206309 is divided by 8252?
9
Calculate the remainder when 2299981 is divided by 766660.
1
Calculate the remainder when 6059549 is divided by 21.
20
What is the remainder when 96374 is divided by 48181?
12
What is the remainder when 77565 is divided by 825?
15
Calculate the remainder when 3643 is divided by 51.
22
What is the remainder when 1868 is divided by 117?
113
What is the remainder when 81800 is divided by 14?
12
Calculate the remainder when 1187278 is divided by 6.
4
Calculate the remainder when 1674936 is divided by 17.
11
What is the remainder when 3640 is divided by 1210?
10
What is the remainder when 204424 is divided by 551?
3
What is the remainder when 19112 is divided by 110?
82
Calculate the remainder when 9662 is divided by 1930.
12
What is the remainder when 429 is divided by 160?
109
What is the remainder when 37526 is divided by 266?
20
What is the remainder when 710 is divided by 8?
6
Calculate the remainder when 2337 is divided by 720.
177
Calculate the remainder when 29651 is divided by 366.
5
Calculate the remainder when 50902 is divided by 56.
54
Calculate the remainder when 359900 is divided by 119961.
17
Calculate the remainder when 94744 is divided by 101.
6
Calculate the remainder when 236752 is divided by 11.
10
What is the remainder when 9749 is divided by 828?
641
What is the remainder when 1336 is divided by 47?
20
Calculate the remainder when 40326 is divided by 13408.
102
Calculate the remainder when 7720 is divided by 2526.
142
What is the remainder when 673 is divided by 80?
33
Calculate the remainder when 479884 is divided by 1162.
1140
What is the remainder when 74477 is divided by 74456?
21
Calculate the remainder when 1301942 is divided by 938.
936
What is the remainder when 88621 is divided by 8860?
21
What is the remainder when 47919 is divided by 5?
4
Calculate the remainder when 124980 is divided by 43.
22
What is the remainder when 13795 is divided by 155?
0
What is the remainder when 402698 is divided by 7744?
10
Calculate the remainder when 386 is divided by 109.
59
What is the remainder when 164521 is divided by 814?
93
Calculate the remainder when 71057 is divided by 6455.
52
What is the remainder when 2173 is divided by 1017?
139
Calculate the remainder when 61427 is divided by 1181.
15
Calculate the remainder when 52194 is divided by 52185.
9
What is the remainder when 16768 is divided by 795?
73
What is the remainder when 59761 is divided by 61?
42
What is the remainder when 395 is divided by 11?
10
Calculate the remainder when 519 is divided by 328.
191
What is the remainder when 223242 is divided by 121?
118
What is the remainder when 7646 is divided by 638?
628
Calculate the remainder when 90550 is divided by 31.
30
Calculate the remainder when 115049 is divided by 28756.
25
Calculate the remainder when 4494 is divided by 2227.
40
Calculate the remainder when 748 is divided by 542.
206
Calculate the remainder when 662622 is divided by 66261.
12
What is the remainder when 52451 is divided by 79?
74
What is the remainder when 64848 is divided by 50?
48
Calculate the remainder when 27424 is divided by 27.
19
What is the remainder when 81569 is divided by 446?
397
Calculate the remainder when 1239 is divided by 31.
30
What is the remainder when 2511 is divided by 229?
221
What is the remainder when 35747 is divided by 2385?
2357
Calculate the remainder when 3938 is divided by 1962.
14
What is the remainder when 6650 is divided by 442?
20
Calculate the remainder when 289188 is divided by 21.
18
Calculate the remainder when 2954782 is divided by 336.
334
Calculate the remainder when 64496 is divided by 97.
88
Calculate the remainder when 2625 is divided by 654.
9
What is the remainder when 14818 is divided by 60?
58
What is the remainder when 2045317 is divided by 1022649?
19
What is the remainder when 20997 is divided by 2?
1
Calculate the remainder when 28511 is divided by 818.
699
What is the remainder when 2657 is divided by 1294?
69
Calculate the remainder when 6420 is divided by 184.
164
Calculate the remainder when 4417 is divided by 3634.
783
Calculate the remainder when 10554 is divided by 192.
186
What is the remainder when 10237 is divided by 2551?
33
Calculate the remainder when 301 is divided by 149.
3
What is the remainder when 8988 is divided by 2959?
111
What is the remainder when 11003 is divided by 103?
85
Calculate the remainder when 562469 is divided by 49.
47
Calculate the remainder when 6127 is divided by 384.
367
What is the remainder when 7687 is divided by 249?
217
Calculate the remainder when 724327 is divided by 11.
10
What is the remainder when 2730 is divided by 896?
42
What is the remainder when 6468 is divided by 811?
791
Calculate the remainder when 2633804 is divided by 9.
8
Calculate the remainder when 37572 is divided by 835.
832
Calculate the remainder when 45023 is divided by 22506.
11
What is the remainder when 97291 is divided by 41?
39
Calculate the remainder when 96335 is divided by 12.
11
Calculate the remainder when 3257 is divided by 1084.
5
What is the remainder when 1606 is divided by 106?
16
What is the remainder when 1559 is divided by 1539?
20
Calculate the remainder when 640 is divided by 596.
44
Calculate the remainder when 555641 is divided by 10289.
35
What is the remainder when 1041546 is divided by 23?
14
Calculate the remainder when 19391 is divided by 50.
41
What is the remainder when 87378 is divided by 101?
13
Calculate the remainder when 35307 is divided by 689.
168
Calculate the remainder when 314538 is divided by 149.
148
Calculate the remainder when 26525 is divided by 640.
285
Calculate the remainder when 354253 is divided by 28.
25
Calculate the remainder when 42646 is divided by 11.
10
What is the remainder when 62158 is divided by 12?
10
Calculate the remainder when 5873 is divided by 392.
385
What is the remainder when 5450 is divided by 323?
282
Calculate the remainder when 5069 is divided by 1350.
1019
Calculate the remainder when 84940 is divided by 12.
4
What is the remainder when 94791 is divided by 111?
108
What is the remainder when 92658 is divided by 577?
338
Calculate the remainder when 16782 is divided by 75.
57
What is the remainder when 44941 is divided by 695?
461
What is the remainder when 1486 is divided by 27?
1
What is the remainder when 41052 is divided by 391?
388
Calculate the remainder when 15831 is divided by 246.
87
Calculate the remainder when 64089 is divided by 130.
129
Calculate the remainder when 17453 is divided by 5.
3
What is the remainder when 3172 is divided by 12?
4
What is the remainder when 135171 is divided by 18?
9
What is the remainder when 1204701 is divided by 1068?
1065
What is the remainder when 155678 is divided by 16?
14
What is the remainder w